0201121 + -12020?
12200112101
In base 15, what is -2430655 + -b?
-2430661
In base 2, what is -10 - 1001011000100101111000110101?
-1001011000100101111000110111
In base 11, what is 24 - 75784?
-75760
In base 13, what is -54244883 - 4?
-54244887
In base 7, what is -305 - 33645?
-34253
In base 8, what is 437 + 17457131?
17457570
In base 4, what is -103 - -110220222030?
110220221321
In base 16, what is 30fe8a7 + 7?
30fe8ae
In base 10, what is 740 - 63348?
-62608
In base 13, what is -5 - 1983472c?
-19834734
In base 9, what is -7145 + -462?
-7617
In base 4, what is -211332022312 - 101?
-211332023013
In base 4, what is 12031323 + 10220223?
22312212
In base 9, what is 8221264 - 22?
8221242
In base 11, what is 69639 - -1a?
69658
In base 16, what is 67586e + 2?
675870
In base 4, what is -232002223 + -33?
-232002322
In base 3, what is 111221012222 + 2022212?
112000112211
In base 16, what is 9a4 - -210?
bb4
In base 4, what is -1210 - -22331200?
22323330
In base 3, what is -110121102 + -20200020?
-201021122
In base 7, what is -52 + -4635114?
-4635166
In base 6, what is -400032 - 413522?
-1213554
In base 14, what is -130 - 15d6b7?
-15d807
In base 4, what is 301 + 102130012?
102130313
In base 7, what is 261465324 + 12?
261465336
In base 16, what is 18c94edb + 4?
18c94edf
In base 3, what is -20121 + 1222201212112?
1222201121221
In base 8, what is -61277 - -65576?
4277
In base 8, what is -30 - -217542504?
217542454
In base 5, what is -123 - 200100124?
-200100302
In base 7, what is 12502 - -5503?
21305
In base 3, what is -1 - -2012202122202110?
2012202122202102
In base 12, what is -3 + 921338?
921335
In base 6, what is -5 - -522041402?
522041353
In base 8, what is -21 + 1766430?
1766407
In base 13, what is -1922c4c + 9?
-1922c43
In base 7, what is 1 - 35262601?
-35262600
In base 14, what is 3a9 + 2295?
2660
In base 13, what is 2385844 + -3?
2385841
In base 14, what is -261c38 - -18?
-261c20
In base 15, what is 5dd5c - d?
5dd4e
In base 8, what is 1214 + 5531?
6745
In base 5, what is 1 - 243312342?
-243312341
In base 2, what is 1010110010010 + 1010000101?
1100000010111
In base 9, what is 1224 - -57143?
58367
In base 5, what is 1030240410114 - -4?
1030240410123
In base 13, what is -4995260 - -28?
-4995235
In base 7, what is -13063444610 + -3?
-13063444613
In base 2, what is 1010011110101000011100101101 + -110?
1010011110101000011100100111
In base 7, what is 251 + -1661440?
-1661156
In base 13, what is -16 - -1235cb?
1235b5
In base 9, what is -30030 - -330?
-28600
In base 6, what is 15320053245 - 0?
15320053245
In base 3, what is 102101101 + -2202122?
22121202
In base 5, what is 3044012101 - -10?
3044012111
In base 14, what is 2a7b996 - 4?
2a7b992
In base 8, what is -6506 + 5146?
-1340
In base 12, what is 34 + 6975b44?
6975b78
In base 12, what is -13a540 + -408?
-13a948
In base 8, what is -5225 + -174645?
-202072
In base 8, what is -13467605 + 12?
-13467573
In base 3, what is -210210201101 - -12100?
-210210112001
In base 16, what is 2b + 925d?
9288
In base 3, what is 1101202 + 122200102?
201002011
In base 11, what is 97517 - 84?
97443
In base 5, what is -21 - -3032030?
3032004
In base 14, what is 9b05 - 3820?
62c5
In base 7, what is -5 - -365303545?
365303540
In base 13, what is -45502 - -26?
-454a9
In base 9, what is -41 + 1382625?
1382574
In base 8, what is 316 - -2122604?
2123122
In base 6, what is 12152045050 - -3?
12152045053
In base 8, what is 41645 + -10664?
30761
In base 4, what is -212333 - 12013233?
-12232232
In base 5, what is -2111342233 - -231?
-2111342002
In base 10, what is 267350262 + 1?
267350263
In base 4, what is 121 + -2023132?
-2023011
In base 12, what is -13759 - -13b6?
-12363
In base 5, what is -3 + -102243444243?
-102243444301
In base 11, what is -55 - -6a15?
6970
In base 5, what is 1203 + 12310141?
12311344
In base 5, what is -1000030031 + -31?
-1000030112
In base 14, what is 43b691 + -3?
43b68c
In base 9, what is -3136830 + -57?
-3136887
In base 4, what is 1120 - -2101111312?
2101113032
In base 16, what is -a + -103da1?
-103dab
In base 13, what is -32 - -726a17?
7269b5
In base 10, what is 28 + 25360945?
25360973
In base 7, what is 16004615 + -416?
16004166
In base 5, what is -1 + 110234130221?
110234130220
In base 12, what is -760 - -27035a?
26b7ba
In base 5, what is 12144 - -124021034?
124033233
In base 4, what is -111 - -3021003112?
3021003001
In base 11, what is -4795 + 24?
-4771
In base 10, what is -15887367 + 21?
-15887346
In base 16, what is 0 - 133c887?
-133c887
In base 6, what is 213530 + 3133?
221103
In base 8, what is -5 + -13245164?
-13245171
In base 10, what is 4 - 154728535?
-154728531
In base 11, what is -9472a4a + -5?
-9472a54
In base 4, what is 103232 + 32212?
202110
In base 10, what is -1 + -5643698?
-5643699
In base 2, what is -1001001001111011010100011 - -1?
-1001001001111011010100010
In base 3, what is 1020021 - 1020111222?
-1012021201
In base 7, what is 3004046521 + -1?
3004046520
In base 8, what is 12400 - 1764?
10414
In base 11, what is 4 - -2697746?
269774a
In base 9, what is -7534 - -3061?
-4463
In base 2, what is 1010010000101 + 11000001000011?
100010011001000
In base 5, what is -21311222133 - 0?
-21311222133
In base 6, what is 250251 + 45145?
335440
In base 16, what is -3d5fcb + -3?
-3d5fce
In base 13, what is -4ba77 - -192a?
-4a14a
In base 9, what is -14 - -1673073?
1673058
In base 15, what is 2048 - -63b4?
840c
In base 2, what is -101000111001010 - -110010010001?
-100010100111001
In base 15, what is 2a - 87a75?
-87a4a
In base 7, what is -15 + 4530625?
4530610
In base 16, what is -1ab0 + -85d9?
-a089
In base 15, what is -729 + 2cd21?
2c5e7
In base 6, what is -1 - -1305104525?
1305104524
In base 2, what is 10010 - -1010111111001110?
1010111111100000
In base 16, what is -14 + -ef83?
-ef97
In base 2, what is 1011101001 - 101001010000001?
-100111110011000
In base 9, what is 4248 + 6237?
11486
In base 4, what is -110 + 10300000131303?
10300000131133
In base 15, what is -127 - -502a?
4e03
In base 9, what is -744582 - -20?
-744562
In base 14, what is -b + 18163?
18156
In base 15, what is 1 - 57046b?
-57046a
In base 5, what is -404422010 - 1?
-404422011
In base 5, what is -30441243 - -2020?
-30434223
In base 7, what is 4531110460 - 6?
4531110451
In base 11, what is -16969 - -76a?
-161aa
In base 9, what is 640305 + -33?
640262
In base 9, what is 8614 - -2754?
12468
In base 11, what is 3139467 + 2?
3139469
In base 8, what is -36 + -4177305?
-4177343
In base 13, what is -1a319b1c + 0?
-1a319b1c
In base 4, what is 1131103331 + 1102?
1131111033
In base 13, what is 4 + a63870?
a63874
In base 4, what is -13121031 + -22312?
-13210003
In base 2, what is 10000000000101011 - 1000110?
1111111111100101
In base 3, what is -10221110201 - -120100?
-10220220101
In base 16, what is -16be34 + -2f?
-16be63
In base 12, what is 1065 + -7b42?
-6a99
In base 4, what is -102 - -2300211013003?
2300211012301
In base 5, what is 14121 - -4223301?
4242422
In base 13, what is 22 - 7568b1?
-75688c
In base 2, what is 111011001100001101 - -10110100?
111011001111000001
In base 16, what is -1ed4 - -2c0?
-1c14
In base 16, what is -667c46 + -1a?
-667c60
In base 16, what is -3 - 1628b5?
-1628b8
In base 16, what is -122245 - -70?
-1221d5
In base 12, what is -253025757 - 2?
-253025759
In base 14, what is -478017c - -b?
-4780171
In base 5, what is 1022444 - -3133?
1031132
In base 6, what is -110 + 2321324?
2321214
In base 12, what is -58 - -44614?
44578
In base 10, what is -1093403 - -15?
-1093388
In base 9, what is 0 + 1045268?
1045268
In base 13, what is 38b808 - -b1?
38b8b9
In base 15, what is -22 - -3ae1c5?
3ae1a3
In base 4, what is -21 + -13101222002020?
-13101222002101
In base 6, what is -54 - 1011015331?
-1011015425
In base 8, what is -232120 + -34?
-232154
In base 12, what is 129 + -154b1b?
-1549b2
In base 14, what is 7c02d0 - -36?
7c0326
In base 8, what is 4365451 + 4?
4365455
In base 2, what is -101001111011011111 - 1101?
-101001111011101100
In base 7, what is 1025 + 65103?
66131
In base 7, what is 53 + 62005?
62061
In base 7, what is 4 + -24430413?
-24430406
In base 2, what is 1101100000100110111011 + 10101?
1101100000100111010000
In base 2, what is 1000010101101111010011111010 - -11?
1000010101101111010011111101
In base 9, what is 327 - -320504?
